 s(7) is divided by 5?
2
Suppose 535 - 1755 = -5*h - 5*h. Calculate the remainder when 444 is divided by h.
78
Let w be (-30)/(-25)*20*3/12. Suppose w*g = 22*g - 272. What is the remainder when 200 is divided by g?
13
Let d(v) = 3. Let z(i) = i + 9. Let x(b) = -2*d(b) + z(b). Calculate the remainder when x(9) is divided by 5.
2
Let y be (2/((-6)/7))/((-7)/21). Let k be 1/4 - 571/(-4). Suppose -y*q - k = -472. What is the remainder when q is divided by 24?
23
Suppose 0 = 4*k + 2*h - 5414, -4*k = -0*h - 2*h - 5418. Let j(v) = v**3 + 4*v**2 - 12*v + 23. What is the remainder when k is divided by j(-6)?
20
Suppose 0 = 46*l - 257758 - 30495 - 9689. Calculate the remainder when l is divided by 14.
9
Let y = 123 - 28. Let v(u) = -u**2 + 13*u + 12. What is the remainder when y is divided by v(13)?
11
Let w(r) = 8 + 62 + 5*r - 1 - r. Let b(l) = -3*l**3 + 3*l**2 + 2*l + 2. Calculate the remainder when w(8) is divided by b(-2).
33
Let w(t) = -4*t**2 + 167*t - 41. What is the remainder when 481 is divided by w(40)?
3
Suppose 4*j + 340 = 3*g, j = 3*j + 2*g + 156. What is the remainder when 2 is divided by (-8)/(-18) - j/18 - 4?
0
Suppose -657*l + 196*l + 50118 = -32401. What is the remainder when 237 is divided by l?
58
Let z = -1940 - -1951. Calculate the remainder when 261 is divided by z.
8
Suppose 8397 = 4*b + z, 3*b + 902 = -4*z + 7216. What is the remainder when b is divided by 84?
82
Let c be 4/7 + 1792/(-49). Calculate the remainder when ((-1)/(-15))/(6/c)*-895 is divided by 45.
43
Let g(n) = 3*n**3 - 69*n**2 + 452*n + 27. What is the remainder when g(10) is divided by 16?
7
Let i = -8106 + 8145. Suppose -46 = -6*c - 10. What is the remainder when i is divided by c?
3
Suppose n = -2*n + 3*d - 198, 3*d - 3 = 0. Let w = -7 + -61. Let t = n - w. Calculate the remainder when 14 is divided by t.
2
Suppose 207 = 2*f + s, 138 + 273 = 4*f + 3*s. Let z be (-7)/(f/36)*160/(-6). Let c = -24 + z. What is the remainder when c is divided by 11?
7
Let p(x) = x**3 + 10*x**2 - 28*x - 16. Suppose 18 = -3*a - 18. What is the remainder when p(a) is divided by (-10)/4*(-72)/20?
5
Let n(o) = o**3 - 16*o**2 + 72*o - 16. Let k(r) = 5*r - 16. Suppose -5*z - 2*p = -3 - 34, 3*p - 3 = 0. Calculate the remainder when n(6) is divided by k(z).
18
Let l(z) = -z**3 + 7*z**2 - 39*z + 119. Calculate the remainder when 112 is divided by l(3).
36
Suppose k + 3*k - 8 = 0. Suppose -k*j + 52 - 10 = 0. Calculate the remainder when (12/(-7))/(56/(-3332)) is divided by j.
18
Suppose -2*t - 8 = 0, -2*v + 3*t = -2*t - 200. Let k be 84/18 - 55/33. Suppose v + 18 = k*o. What is the remainder when o is divided by 13?
10
What is the remainder when 880 is divided by ((-75040)/119)/(-5) + 4 + 210/(-51)?
124
Let p(b) = -b**2 + 15*b + 78. Let f be p(19). Suppose y = 4*a - f*y - 115, 2*y = -2*a + 54. Calculate the remainder when 194 is divided by a.
26
Suppose 5*h - 4*o - 126 = 0, 22 + 26 = 2*h - 2*o. Calculate the remainder when h is divided by (-8)/(-3)*3/2.
2
Let a = 229 + -15. Let g = 91920 + -91893. What is the remainder when a is divided by g?
25
Suppose -c + 4*p + 318 = 2*c, 4*c - p - 437 = 0. Suppose -5*q + 293 = -5*d + 6*d, -c = -2*q - 4*d. Calculate the remainder when q is divided by 32.
27
Let g = -30 - -77. Let m = 50 - g. Let r(w) = 22*w - 4. Calculate the remainder when r(m) is divided by 32.
30
Suppose 0*c - 47 = -c. Let u = 47 - c. Suppose 4*o - 16 = u, 4*h - 47 = -o + 9. What is the remainder when h is divided by 7?
6
Suppose -c = -3*n + 8, -4*n = 3*c + 39 - 15. Suppose 9*b + 46 - 307 = 0. What is the remainder when b is divided by (30/(-4))/(4/c)?
14
Let v be -1*(1/(4/(-28)) + 2). Let y = 2 - v. What is the remainder when 48 is divided by y/24 - 402/(-16)?
23
Let o(a) = 6*a + 8. Let v(c) = -3*c**3 - 97*c**2 + 65*c + 48. Calculate the remainder when v(-33) is divided by o(3).
3
Let s(j) be the second derivative of j**3/3 - 4*j**2 - j. Let l be s(8). Let m = 19 + l. What is the remainder when m is divided by 10?
7
Let p be (-378)/(-12) + 18/(-12). Suppose 3*u - 2*v = 11, -7 - 13 = -2*u - 5*v. What is the remainder when -273*u/p*-2 is divided by 46?
45
What is the remainder when 1932 - (-10 + 2 + 21) is divided by 113?
111
Suppose -55*x + 48*x + 1022 = 0. Suppose -2*c + x = 5*l, 0*l = -l - 2*c + 34. What is the remainder when 108 is divided by l?
24
Suppose 884 = 28*z - 862 - 914. Calculate the remainder when z is divided by 17.
10
Let f = -1440 + 2189. Let i(u) = 391*u - 92260. What is the remainder when f is divided by i(236)?
13
Let x = -11 + -13. Let m be x/(-11) + 18/(-99). Suppose -3*a + n + 0*n + 23 = 0, 0 = -m*a + 5*n + 11. Calculate the remainder when 15 is divided by a.
7
Let k(p) = -p**3 - 35*p**2 - p - 27. Let g be -4 + -3 + -29 + 1. Calculate the remainder when 30 is divided by k(g).
6
What is the remainder when 126 is divided by 3/(-8)*-2 - 20592/(-192)?
18
Suppose 5106 = -342*a + 388*a. What is the remainder when 530 is divided by a?
86
Suppose 3*a + 100 = 4*h, -h + 15 + 3 = a. Let v(g) = 61*g - 10. Calculate the remainder when v(3) is divided by h.
19
Suppose 3*h = 2*r + 35, -3*h + 10*r = 11*r - 50. What is the remainder when 3432 is divided by h?
12
Let b(y) = -27*y + 228. Calculate the remainder when b(8) is divided by 3.
0
Let w = 4308 - 4129. Calculate the remainder when 451 is divided by w.
93
What is the remainder when (-81545)/(-420) + 8/84 - (-15)/(-12) is divided by 11?
6
Let d(k) = k**2 - 32*k - 229. What is the remainder when 217 is divided by d(41)?
77
Let t = 3428 - 3362. Calculate the remainder when 4286 is divided by t.
62
Suppose 5*g - 34 = -m + 35, 2*m + 5*g = 123. Calculate the remainder when 1382 is divided by m.
32
What is the remainder when 617/(-3)*(-147)/(-98)*(-24)/6 is divided by 27?
19
Let n = 51 - -176. Let z = 433 + -387. What is the remainder when n is divided by z?
43
What is the remainder when -1*((-287)/21 + 6)*27 is divided by 49?
11
Let q = 718 - 710. Suppose -399 = -q*v + 217. What is the remainder when 298 is divided by v?
67
Calculate the remainder when ((-396)/1155)/((-2)/(-705))*(1 - 22) is divided by 231.
228
Let d = 12 - 6. Let g(r) = -20*r**2 + 7*r - 20. Let w be g(-4). Let q = w - -382. What is the remainder when q is divided by d?
2
Suppose -564 - 192 = -6*j. What is the remainder when 202 is divided by j?
76
Let b(a) = 1132*a + 22731. What is the remainder when b(-20) is divided by -1 - 1 - (-10 + 0)?
3
Let d(l) = -l**3 + 10*l**2 - 4*l - 29. Suppose 135*h = 134*h + 9. Calculate the remainder when d(h) is divided by 12.
4
Let v(u) = -u**2 + 27*u - 65. Suppose -2*q = -41 - 5. Calculate the remainder when 534/4 - (-1)/(-2) is divided by v(q).
25
Suppose 2*k + 4 = -2*i, 3*k - 5*i - 18 = -2*i. Suppose -20 = -5*z, 0 = -2*c - k*c - 3*z - 52. Let g = c - -41. Calculate the remainder when g is divided by 7.
4
Calculate the remainder when 2318 is divided by 3239/316 - ((-12)/3)/(-16).
8
Let k(n) = -270*n - 6691. Suppose -z + 96 = 3*z. What is the remainder when k(-25) is divided by z?
11
Let f = -208 + 183. Let u = -27 - -70. Let c = u + f. What is the remainder when c is divided by 10?
8
Let d(w) = 6*w**2 + 99*w + 28. Calculate the remainder when 947 is divided by d(-19).
8
Suppose 221*c + 4227 - 24780 = 0. Calculate the remainder when c is divided by 13.
2
Let n = 9940 + -9839. Calculate the remainder when 194 is divided by n.
93
Let b(l) = 2*l**3 + 26*l - 38 - 2*l**3 - 3*l**3 - 5*l**3 + 19*l**2 + 9*l**3. Calculate the remainder when 288 is divided by b(-17).
92
Suppose 55*v + 53*v = 39528. Let z = 97 + -60. What is the remainder when v is divided by z?
33
Let n(c) = 28*c**2 - 425*c - 2101. What is the remainder when 2205 is divided by n(-5)?
33
Let g = -29 + 29. Suppose 4*r - 3*r - 20 = -n, r + 2*n - 25 = g. What is the remainder when 237 is divided by r?
12
Suppose 3*h = 5*i + 77, 86 - 177 = -3*h - 2*i. Suppose 3*g - 7*r - 158 = -2*r, 2*r = -g + 49. Calculate the remainder when g is divided by h.
22
Let i = -201 + 420. Let w = -149 + i. Calculate the remainder when w is divided by 24.
22
Let z(a) = a**2 + a - 13. Let u = -97 + 101. Calculate the remainder when ((-16)/10)/((-2)/40) is divided by z(u).
4
Suppose z + 3*z = -0*z. Let x = 4 - z. Suppose -x*c - 48 = -8*c. What is the remainder when 44 is divided by c?
8
Calculate the